94 a multiple of 833?
False
Is 468 a factor of 193651380?
True
Is 12627616 a multiple of 1384?
True
Is 384 a factor of 84101454?
False
Does 1068 divide 1184900310?
False
Does 130 divide 85955220?
True
Does 16 divide 65352461?
False
Does 4 divide 102710256?
True
Is 7501451 a multiple of 1938?
False
Is 26247463 a multiple of 42?
False
Is 787 a factor of 14275393?
True
Is 1381853837 a multiple of 506?
False
Does 546 divide 225094?
False
Is 164998351 a multiple of 61?
True
Is 9503686 a multiple of 128?
False
Is 20151167 a multiple of 19?
False
Does 74 divide 71073078?
True
Is 236994997 a multiple of 3?
False
Does 51 divide 3838526241?
False
Is 24 a factor of 36563535?
False
Is 72 a factor of 1076034240?
True
Is 2116 a factor of 37758687?
False
Is 263 a factor of 170673869?
False
Is 453 a factor of 29320353?
False
Is 141 a factor of 19082634?
False
Does 7 divide 52339763?
True
Is 1009 a factor of 74773269?
False
Is 74 a factor of 81406364?
True
Is 84027241 a multiple of 677?
False
Does 421 divide 10008433?
True
Is 1152 a factor of 296065005?
False
Does 2 divide 225857716?
True
Is 15 a factor of 3493573?
False
Does 10 divide 304010590?
True
Does 5 divide 211923151?
False
Is 42853813 a multiple of 12?
False
Is 85 a factor of 37269865?
True
Is 90 a factor of 3715746300?
True
Does 14 divide 387190534?
False
Does 33 divide 126689838?
True
Is 13 a factor of 5994572?
False
Does 4688 divide 196862292?
False
Is 374 a factor of 60868874?
True
Is 23923848 a multiple of 24?
True
Is 38 a factor of 434096192?
True
Is 10408637 a multiple of 3?
False
Does 143 divide 381839953?
False
Does 26 divide 193215802?
True
Is 30560375 a multiple of 67?
True
Is 256938 a multiple of 3?
True
Is 2229368 even?
True
Is 142315991 a multiple of 6?
False
Is 40 a factor of 20643280?
True
Does 66 divide 34983564?
True
Is 891 a factor of 120225303?
True
Is 116 a factor of 1877098236?
False
Is 8 a factor of 6051616?
True
Is 1228787184 a multiple of 2778?
True
Is 37 a factor of 1313813671?
False
Is 72 a factor of 2506989337?
False
Is 21547908 a multiple of 51?
True
Is 3995812525 a multiple of 895?
True
Is 318232211 a multiple of 1877?
True
Is 11533060 a multiple of 308?
True
Does 133 divide 902419114?
False
Is 14196073 a multiple of 944?
False
Is 9 a factor of 15597468?
True
Does 9 divide 129353749?
False
Is 66357170 a multiple of 14?
False
Is 529669424 a multiple of 7?
False
Is 19 a factor of 59106023?
False
Is 45322120 a multiple of 6?
False
Is 143505301 a multiple of 36?
False
Is 115478312 a multiple of 715?
False
Is 25141419 a multiple of 17?
True
Is 6147 a factor of 286314966?
True
Is 2813277515 a multiple of 5348?
False
Is 810782407 a multiple of 253?
False
Is 240 a factor of 206209874?
False
Is 61 a factor of 3763573059?
True
Is 56522722 a multiple of 34?
True
Is 241826920 a multiple of 274?
True
Is 4291992947 a multiple of 53?
True
Is 1193103232 a multiple of 269?
True
Is 22728388 a multiple of 29?
False
Does 2817 divide 240407757?
False
Is 25684859 a multiple of 8?
False
Does 32 divide 280398272?
True
Is 44 a factor of 1304816861?
False
Is 788859324 a multiple of 18?
True
Is 85798581 a multiple of 669?
True
Is 193457354 a multiple of 405?
False
Does 604 divide 79528346?
False
Does 439 divide 2972543?
False
Is 21066764 a multiple of 4?
True
Is 349 a factor of 121112807?
False
Is 24556284 a multiple of 383?
False
Is 2446 a factor of 2256992018?
False
Does 417 divide 112529589?
False
Is 38267391 a multiple of 51?
True
Does 22 divide 481632954?
True
Does 72 divide 9401184?
True
Is 83 a factor of 145119844?
False
Does 6 divide 45777876?
True
Does 425 divide 222673817?
False
Does 154 divide 55793784?
False
Is 357 a factor of 1044119865?
False
Does 620 divide 42290946?
False
Is 3798900988 a multiple of 37?
False
Is 134008596 a multiple of 9?
True
Is 4 a factor of 51003678?
False
Is 11 a factor of 767369610?
False
Is 3700983 a multiple of 33?
True
Is 1663120026 a multiple of 81?
True
Is 25 a factor of 3204654309?
False
Is 57647459 a multiple of 127?
True
Does 91 divide 40248395?
False
Is 62303945 a multiple of 97?
False
Does 91 divide 224896126?
True
Is 54 a factor of 2272692426?
False
Does 244 divide 141307964?
True
Is 42 a factor of 3419227014?
True
Is 339649920 a multiple of 128?
True
Is 126 a factor of 1076958666?
True
Does 126 divide 3551302566?
True
Is 8157204 a multiple of 48?
False
Does 34 divide 6105074?
True
Does 10 divide 289753420?
True
Is 191940648 a multiple of 61?
True
Is 1356883961 a multiple of 614?
False
Does 4808 divide 83288984?
True
Is 56 a factor of 2658621973?
False
Is 148145600 a multiple of 50?
True
Is 136 a factor of 214623232?
True
Is 36 a factor of 12844440?
True
Is 5 a factor of 13087366?
False
Does 88 divide 43220286?
False
Is 8 a factor of 7380528?
True
Is 27423132 a multiple of 1236?
True
Does 972 divide 19954899?
False
Is 89 a factor of 232843046?
True
Is 5 a factor of 535993165?
True
Is 28669477 a multiple of 23?
True
Does 1150 divide 3091581800?
True
Does 2 divide 11349645?
False
Does 82 divide 591358352?
False
Is 10301 a factor of 708137359?
False
Does 13 divide 1733599621?
True
Does 1785 divide 17789310?
True
Is 2389718 a multiple of 8?
False
Is 66 a factor of 29823120?
False
Is 18 a factor of 3430469656?
False
Is 400308156 a multiple of 708?
True
Does 87 divide 597550084?
False
Does 858 divide 14410110?
True
Is 14 a factor of 22380246?
True
Does 2986 divide 255141756?
True
Is 138763133 a multiple of 11?
False
Is 104 a factor of 763565774?
False
Is 6373 a factor of 2244634330?
True
Is 200483 a multiple of 24?
False
Is 94515838 a multiple of 62?
True
Does 8 divide 867762144?
True
Is 3404 a factor of 325100959?
False
Is 5473956 a multiple of 11?
False
Does 27 divide 49878882?
True
Does 5 divide 7211199?
False
Is 37103172 a multiple of 12?
True
Is 884579540 a multiple of 23?
True
Is 2067 a factor of 220710572?
False
Is 138312729 a multiple of 1155?
False
Is 77 a factor of 121017457?
False
Is 220 a factor of 926577080?
True
Does 1248 divide 966590691?
False
Is 1255317925 a multiple of 175?
False
Is 63223952 a multiple of 242?
True
Is 1314 a factor of 396754416?
True
Is 15 a factor of 108499518?
False
Is 1559500361 a multiple of 1293?
False
Is 62617608 even?
True
Is 82 a factor of 264621263?
False
Is 59 a factor of 71004199?
True
Is 286133681 a multiple of 2206?
False
Is 1479 a factor of 23013761?
False
Is 140611950 a multiple of 2130?
True
Does 653 divide 519965437?
False
Is 9310003 a multiple of 24?
False
Is 145 a factor of 1496257900?
True
Does 15 divide 505598?
False
Does 442 divide 2912968734?
True
Is 5226743537 a multiple of 479?
False
Is 231 a factor of 489808242?
True
Is 223290240 a multiple of 102?
True
Is 16577184 a multiple of 156?
True
Is 89350202 a multiple of 21?
False
Is 636 a factor of 113073168?
True
Does 253 divide 62919189?
False
Does 243 divide 349193714?
False
Does 5 divide 103456860?
True
Is 527663520 a multiple of 150?
False
Does 1078 divide 7797768?
False
Does 22 divide 62227080?
False
Does 4 divide 526052829?
False
Is 4848382 a multiple of 133?
True
Is 3868429762 a multiple of 216?
False
Is 1274681100 a multiple of 1925?
True
Is 200863869 a multiple of 677?
True
Does 26 divide 284801456?
False
Is 735 a factor of 6728190?
True
Is 309990861 a multiple of 633?
True
Is 1123686746 a multiple of 28?
False
Does 36 divide 17863871?
False
Is 862557815 a multiple of 12829?
True
Is 11180914 a multiple of 10?
False
Is 24 a factor of 17391487?
False
Is 22 a factor of 695142932?
True
Is 13 a factor of 106239200?
False
Is 38177353 a multiple of 118?
False
Does 168 divide 4353336221?
False
Is 130652475 a multiple of 75?
True
Is 38234304 a multiple of 497?
False
Is 3998 a factor of 7688154?
True
Is 5 a factor of 260675165?
True
Is 19829928 a multiple of 411?
True
Is 312 a factor of 18453552?
True
Is 204627480 a multiple of 3425?
False
Is 569593553 a multiple of 553?
False
Is 33 a factor of 735213435?
True
Is 27174377 a multiple of 164?
False
Is 98058845 a multiple of 30?
False
Does 548 divide 65116239?
False
Is 65574656 a multiple of 3404?
True
Is 435 a factor of 23545245?
True
Does 3007 divide 429291348?
True
Is 238 a factor of 158943064?
True
Does 295 divide 20431995?
True
Is 180 a factor of 284079351?
False
Is 89731559 a multiple of 79?
Fa